{"id":2776,"date":"2023-10-24T12:47:30","date_gmt":"2023-10-24T03:47:30","guid":{"rendered":"https:\/\/branch.jsass.or.jp\/kansai\/?page_id=2776"},"modified":"2023-10-24T12:49:00","modified_gmt":"2023-10-24T03:49:00","slug":"%e9%81%8e%e5%8e%bb%e3%81%ae%e7%a0%94%e7%a9%b6%e5%88%86%e7%a7%91%e4%bc%9a","status":"publish","type":"page","link":"https:\/\/branch.jsass.or.jp\/kansai\/bunkakai\/%e9%81%8e%e5%8e%bb%e3%81%ae%e7%a0%94%e7%a9%b6%e5%88%86%e7%a7%91%e4%bc%9a\/","title":{"rendered":"\u904e\u53bb\u306e\u7814\u7a76\u5206\u79d1\u4f1a"},"content":{"rendered":"<h1><strong>2022\u5e74\u5ea6\u3000\u975e\u5e73\u8861\u6d41\u4f53\u3078\u306e\u904b\u52d5\u5b66\u7684\u30a2\u30d7\u30ed\u30fc\u30c1<\/strong><\/h1>\n<table style=\"height: 42px;width: 100%\" border=\"0\">\n<tbody>\n<tr style=\"height: 21px\">\n<td style=\"width: 14.041096%;height: 21px;text-align: center\">\u00a0\u65e5\u3000\u3000\u4ed8<\/td>\n<td style=\"width: 14.726027%;height: 21px;text-align: center\">\u00a0\u6642\u3000\u3000\u9593<\/td>\n<td style=\"width: 43.493151%;height: 21px;text-align: center\">\u00a0\u884c\u3000\u3000\u4e8b<\/td>\n<td style=\"width: 27.739726%;height: 21px;text-align: center\">\u00a0\u5834\u3000\u3000\u6240<\/td>\n<\/tr>\n<tr style=\"height: 21px\">\n<td style=\"width: 14.041096%;height: 21px\">9\u67089\u65e5 (\u91d1)<\/td>\n<td style=\"width: 14.726027%;height: 21px\">17:30-18:30<\/td>\n<td style=\"width: 43.493151%;height: 21px\">\u7814\u7a76\u4f1a[9\/9(\u91d1)]<br \/>\n&#8220;Spectroscopy of the asteroid Ryugu:Access to the records of our ancient Solar System&#8221;<br \/>\n\u30ab\u30ca\u30ea\u30a2\u5929\u4f53\u7269\u7406\u5b66\u7814\u7a76\u6240<br \/>\n\u5dfd \u745b\u7406 \u6c0f<br \/>\n<strong><a href=\"http:\/\/www.mfd.kuaero.kyoto-u.ac.jp\/?cat=18\" target=\"_blank\" rel=\"noopener\">\u8a73\u7d30\u306f\u3053\u3061\u3089\uff08HP\uff09<\/a><\/strong><\/td>\n<td style=\"width: 27.739726%;height: 21px\">Web (Zoom)<\/td>\n<\/tr>\n<tr>\n<td style=\"width: 14.041096%\">10\u670828\u65e5\uff08\u91d1\uff09<\/td>\n<td style=\"width: 14.726027%\">16:30-17:30<\/td>\n<td style=\"width: 43.493151%\">\u7814\u7a76\u4f1a[10\/28(\u91d1)]<br \/>\n&#8220;Kinetic description of polyaromic gases undergoing resonant collisions&#8221;<br \/>\nProf. Francesco Salvarani (P\u00f4le Universitaire L\u00e9onard de Vinci, France &amp; Dipartimento di Matematica, Universit\u00e0 di Pavia, Italy)<br \/>\n<a href=\"http:\/\/www.mfd.kuaero.kyoto-u.ac.jp\/?cat=18\" target=\"_blank\" rel=\"noopener\"><strong>\u8a73\u7d30\u306f\u3053\u3061\u3089\uff08HP\uff09<\/strong><\/a><\/td>\n<td style=\"width: 27.739726%\">\u4eac\u90fd\u5927\u5b66 \u5409\u7530\u30ad\u30e3\u30f3\u30d1\u30b9 \u5de5\u5b66\u90e8\u7dcf\u5408\u6821\u820e 111\u8b1b\u7fa9\u5ba4<br \/>\n\uff08<a href=\"https:\/\/www.kyoto-u.ac.jp\/ja\/access\/campus\/yoshida\/map6r-y\" target=\"_blank\" rel=\"noopener\">\u30ad\u30e3\u30f3\u30d1\u30b9\u30de\u30c3\u30d753\u756a<\/a>\uff09\u304a\u3088\u3073 Web (Zoom)<\/td>\n<\/tr>\n<tr>\n<td style=\"width: 14.041096%\">12\u670822\u65e5\uff08\u6728\uff09<\/td>\n<td style=\"width: 14.726027%\">16:30-17:30<\/td>\n<td style=\"width: 43.493151%\">\u7814\u7a76\u4f1a[12\/22(\u6728)]<br \/>\n&#8220;Modeling and experiments on thermophoresis in microfluidic systems&#8221;<br \/>\n\u4eac\u90fd\u5927\u5b66\u5927\u5b66\u9662 \u60c5\u5831\u5b66\u7814\u7a76\u79d1 \u5148\u7aef\u6570\u7406\u79d1\u5b66\u5c02\u653b<br \/>\n\u8fbb \u5fb9\u90ce \u51c6\u6559\u6388<br \/>\n<strong><a href=\"http:\/\/www.mfd.kuaero.kyoto-u.ac.jp\/?cat=18\" target=\"_blank\" rel=\"noopener\">\u8a73\u7d30\u306f\u3053\u3061\u3089\uff08HP\uff09<\/a><\/strong><\/td>\n<td style=\"width: 27.739726%\">\u4eac\u90fd\u5927\u5b66 \u6842\u30ad\u30e3\u30f3\u30d1\u30b9<br \/>\nC\u30af\u30e9\u30b9\u30bf\u7dcf\u5408\u7814\u7a76\u68dfIII\uff08C3\u68df\uff093\u968e b3n03\u5ba4<br \/>\n\uff08\u822a\u7a7a\u5b87\u5b99\u5de5\u5b66\u5c02\u653b\u4f1a\u8b70\u5ba4\u30fb<a href=\"https:\/\/www.kyoto-u.ac.jp\/ja\/access\/campus\/map6r-k\" target=\"_blank\" rel=\"noopener\">\u30ad\u30e3\u30f3\u30d1\u30b9\u30de\u30c3\u30d724\u756a<\/a>\uff09<br \/>\n\u304a\u3088\u3073 Web\uff08Zoom\uff09<\/td>\n<\/tr>\n<\/tbody>\n<\/table>\n<h1><strong>2022\u5e74\u5ea6\u3000\u822a\u7a7a\u5b87\u5b99\u30b7\u30b9\u30c6\u30e0\u306e\u30c0\u30a4\u30ca\u30df\u30af\u30b9\u3068\u30c7\u30b6\u30a4\u30f3<\/strong><\/h1>\n<table style=\"height: 57px;width: 100%\" border=\"0\">\n<tbody>\n<tr style=\"height: 21px\">\n<td style=\"width: 16.8099%;height: 21px;text-align: center\">\u00a0\u65e5\u3000\u3000\u4ed8<\/td>\n<td style=\"width: 14.1385%;height: 21px;text-align: center\">\u00a0\u6642\u3000\u3000\u9593<\/td>\n<td style=\"width: 51.0377%;height: 21px;text-align: center\">\u00a0\u884c\u3000\u3000\u4e8b<\/td>\n<td style=\"width: 18.014%;height: 21px;text-align: center\">\u00a0\u5834\u3000\u3000\u6240<\/td>\n<\/tr>\n<tr>\n<td style=\"width: 16.8099%\">10\u67087\u65e5 (\u91d1)<\/td>\n<td style=\"width: 14.1385%\">15:00-16:30<\/td>\n<td style=\"width: 51.0377%\">\u7b2c1\u56de\u7814\u7a76\u4f1a<br \/>\n\u300c\u540a\u6a4b\u5efa\u8a2d\u30d7\u30ed\u30b8\u30a7\u30af\u30c8\uff08\u30c8\u30eb\u30b3\uff09\u306b\u304a\u3051\u308b\u8a2d\u8a08\u3068\u65bd\u5de5 \uff0d\u4e16\u754c\u306b\u8a87\u308b\u65e5\u672c\u306e\u30a4\u30f3\u30d5\u30e9\u5efa\u8a2d\u6280\u8853 \uff0d\u300d<br \/>\n(\u682a)IHI\u30a4\u30f3\u30d5\u30e9\u30b7\u30b9\u30c6\u30e0<br \/>\n\u7406\u4e8b\u30fb\u5efa\u8a2d\u90e8\u90e8\u9577 \u4e95\u4e0a \u5b66 \u6c0f<br \/>\n<a href=\"https:\/\/branch.jsass.or.jp\/kansai\/wp-content\/uploads\/sites\/6\/2022\/08\/2cede4092dce0c5ad3d3bd666733ce70.pdf\" target=\"_blank\" rel=\"noopener\"><strong>\u8a73\u7d30\u306f\u3053\u3061\u3089<\/strong><\/a><\/td>\n<td style=\"width: 18.014%\">\u5927\u962a\u516c\u7acb\u5927\u5b66\u5927\u5b66\u9662 \u5de5\u5b66\u7814\u7a76\u79d1 B6\u68df105\u6559\u5ba4<br \/>\n\u3012599-8531 \u583a\u5e02\u4e2d\u533a\u5b66\u5712\u753a1-1<br \/>\n<a href=\"https:\/\/www.omu.ac.jp\/about\/campus\/nakamozu\/\">https:\/\/www.omu.ac.jp\/about\/campus\/nakamozu\/<\/a><\/td>\n<\/tr>\n<tr>\n<td style=\"width: 16.8099%\">11\u670818\u65e5 (\u91d1)<\/td>\n<td style=\"width: 14.1385%\">15:00-16:30<\/td>\n<td style=\"width: 51.0377%\">\u7b2c2\u56de\u7814\u7a76\u4f1a<br \/>\n\u300c\u300e\u30a2\u30d5\u30bf\u30fc\u30b3\u30ed\u30ca\u306e\u822a\u7a7a\u6a5f\u7523\u696d\u300f<br \/>\n\uff0d\u300e\u8131\u70ad\u7d20\u300f\u306b\u5411\u3051\u3066 \uff0d\u300d<br \/>\n\u5927\u962a\u516c\u7acb\u5927\u5b66\u5ba2\u54e1\u6559\u6388<br \/>\n\u6280\u8853\u7d4c\u55b6\u7814\u7a76\u5bb6\u3001\u822a\u7a7a\u6a5f\u7523\u696d\u30a2\u30c9\u30d0\u30a4\u30b6\u30fc<br \/>\n\uff08\u82f1\u56fd\u6cd5\u4eba Silicon Sensing Systems \u3000\u3000Ltd. \u5143\u53d6\u7de0\u5f79\u4f1a\u9577<br \/>\n\u4f4f\u53cb\u7cbe\u5bc6\u5de5\u696d\u682a\u5f0f\u4f1a\u793e\u5143\u5c02\u52d9\u53d6\u7de0\u5f79\uff09<br \/>\n\u4e2d\u6751 \u6d0b\u660e \u6c0f<br \/>\n<a href=\"https:\/\/branch.jsass.or.jp\/kansai\/wp-content\/uploads\/sites\/6\/2022\/09\/c6f1b6cf4c780f86b0b342677b85c4ac.pdf\" target=\"_blank\" rel=\"noopener\"><strong>\u8a73\u7d30\u306f\u3053\u3061\u3089<\/strong><\/a><\/td>\n<td style=\"width: 18.014%\">\u5927\u962a\u516c\u7acb\u5927\u5b66\u5927\u5b66\u9662 \u5de5\u5b66\u7814\u7a76\u79d1 B6\u68df105\u6559\u5ba4<br \/>\n\u3012599-8531 \u583a\u5e02\u4e2d\u533a\u5b66\u5712\u753a1-1<br \/>\n<a href=\"https:\/\/www.omu.ac.jp\/about\/campus\/nakamozu\/\">https:\/\/www.omu.ac.jp\/about\/campus\/nakamozu\/<\/a><\/td>\n<\/tr>\n<tr>\n<td style=\"width: 16.8099%\">12\u670812\u65e5 (\u6708)<\/td>\n<td style=\"width: 14.1385%\">15:00-16:30<\/td>\n<td style=\"width: 51.0377%\">\u7b2c3\u56de\u7814\u7a76\u4f1a<br \/>\n\u300c\u30bf\u30f3\u30af\u5185\u6db2\u4f53\u3068\u69cb\u9020\u306e\u9023\u6210\u6319\u52d5:<br \/>\n\u5b9f\u9a13\u304b\u3089\u521d\u3081\u3066\u308f\u304b\u308b\u3053\u3068\u300d<br \/>\n\u5927\u962a\u5e9c\u7acb\u5927\u5b66\u540d\u8a89\u6559\u6388<br \/>\n\u5343\u8449 \u6b63\u514b \u6c0f<br \/>\n<a href=\"https:\/\/branch.jsass.or.jp\/kansai\/wp-content\/uploads\/sites\/6\/2022\/11\/620d7b14c0981905b0cc7ad675527045.pdf\" target=\"_blank\" rel=\"noopener\"><strong>\u8a73\u7d30\u306f\u3053\u3061\u3089<\/strong><\/a><\/td>\n<td style=\"width: 18.014%\">\u5927\u962a\u516c\u7acb\u5927\u5b66\u5927\u5b66\u9662 \u5de5\u5b66\u7814\u7a76\u79d1 B6\u68df105\u6559\u5ba4<br \/>\n\u3012599-8531 \u583a\u5e02\u4e2d\u533a\u5b66\u5712\u753a1-1<br \/>\n<a href=\"https:\/\/www.omu.ac.jp\/about\/campus\/nakamozu\/\">https:\/\/www.omu.ac.jp\/about\/campus\/nakamozu\/<\/a><\/td>\n<\/tr>\n<tr>\n<td style=\"width: 16.8099%\">1\u670826\u65e5\uff08\u6728\uff09<\/td>\n<td style=\"width: 14.1385%\">15:00-16:30<\/td>\n<td style=\"width: 51.0377%\">\u7b2c4\u56de\u7814\u7a76\u4f1a<br \/>\n\u300c\u300e\u4f55\u3092\u4f5c\u308b\u304b\uff1f\u300f\u3068\u300e\u3044\u304b\u306b\u4f5c\u308b\u304b\u300f<br \/>\n\uff0d\u822a\u7a7a\u6280\u8853\u6226\u7565\u3068\u4e16\u754c\uff0d\u300d<br \/>\n\u6771\u4eac\u90fd\u7acb\u5927\u5b66\u5ba2\u54e1\u6559\u6388,<br \/>\n\u5143JAXA\u822a\u7a7a\u30d7\u30ed\u30b0\u30e9\u30e0\u30c7\u30a3\u30ec\u30af\u30bf<br \/>\n\u6cc9 \u8015\u4e8c\u6c0f<br \/>\n<a href=\"https:\/\/branch.jsass.or.jp\/kansai\/wp-content\/uploads\/sites\/6\/2023\/01\/b057e9bf1f5fe33ce7e8fa23863c858d.pdf\" target=\"_blank\" rel=\"noopener\"><strong>\u8a73\u7d30\u306f\u3053\u3061\u3089<\/strong><\/a><\/td>\n<td style=\"width: 18.014%\">\u5927\u962a\u516c\u7acb\u5927\u5b66\u5927\u5b66\u9662 \u5de5\u5b66\u7814\u7a76\u79d1 B6\u68df105\u6559\u5ba4<br \/>\n\u3012599-8531 \u583a\u5e02\u4e2d\u533a\u5b66\u5712\u753a1-1<br \/>\n<a href=\"https:\/\/www.omu.ac.jp\/about\/campus\/nakamozu\/\">https:\/\/www.omu.ac.jp\/about\/campus\/nakamozu\/<\/a><\/td>\n<\/tr>\n<\/tbody>\n<\/table>\n","protected":false},"excerpt":{"rendered":"<p>2022\u5e74\u5ea6\u3000\u975e\u5e73\u8861\u6d41\u4f53\u3078\u306e\u904b\u52d5\u5b66\u7684\u30a2\u30d7\u30ed\u30fc\u30c1 \u00a0\u65e5\u3000\u3000\u4ed8 \u00a0\u6642\u3000\u3000\u9593 \u00a0\u884c\u3000\u3000\u4e8b \u00a0\u5834\u3000\u3000\u6240 9\u67089\u65e5 (\u91d1) 17:30-18:30 \u7814\u7a76\u4f1a[9\/9(\u91d1)] &#8220;Spectroscopy of the as &hellip; <a href=\"https:\/\/branch.jsass.or.jp\/kansai\/bunkakai\/%e9%81%8e%e5%8e%bb%e3%81%ae%e7%a0%94%e7%a9%b6%e5%88%86%e7%a7%91%e4%bc%9a\/\">\u7d9a\u304d\u3092\u8aad\u3080 <span class=\"meta-nav\">&rarr;<\/span><\/a><\/p>\n","protected":false},"author":6,"featured_media":0,"parent":91,"menu_order":0,"comment_status":"closed","ping_status":"closed","template":"","meta":{"_acf_changed":false,"footnotes":""},"acf":[],"_links":{"self":[{"href":"https:\/\/branch.jsass.or.jp\/kansai\/wp-json\/wp\/v2\/pages\/2776"}],"collection":[{"href":"https:\/\/branch.jsass.or.jp\/kansai\/wp-json\/wp\/v2\/pages"}],"about":[{"href":"https:\/\/branch.jsass.or.jp\/kansai\/wp-json\/wp\/v2\/types\/page"}],"author":[{"embeddable":true,"href":"https:\/\/branch.jsass.or.jp\/kansai\/wp-json\/wp\/v2\/users\/6"}],"replies":[{"embeddable":true,"href":"https:\/\/branch.jsass.or.jp\/kansai\/wp-json\/wp\/v2\/comments?post=2776"}],"version-history":[{"count":2,"href":"https:\/\/branch.jsass.or.jp\/kansai\/wp-json\/wp\/v2\/pages\/2776\/revisions"}],"predecessor-version":[{"id":2778,"href":"https:\/\/branch.jsass.or.jp\/kansai\/wp-json\/wp\/v2\/pages\/2776\/revisions\/2778"}],"up":[{"embeddable":true,"href":"https:\/\/branch.jsass.or.jp\/kansai\/wp-json\/wp\/v2\/pages\/91"}],"wp:attachment":[{"href":"https:\/\/branch.jsass.or.jp\/kansai\/wp-json\/wp\/v2\/media?parent=2776"}],"curies":[{"name":"wp","href":"https:\/\/api.w.org\/{rel}","templated":true}]}}